- y. What is the units digit of k?
2
Suppose 3*v + 844 = -4*g, 6*g - 2*g + 1396 = -5*v. Let b = v + 817. What is the tens digit of b?
4
Suppose 2*c - 3*c - y + 3214 = 0, -c + 5*y = -3244. What is the thousands digit of c?
3
Let q = 5855 + 8573. What is the thousands digit of q?
4
Suppose -6*d + 2*d - 5*q + 37 = 0, 5*d - 3*q = 0. Suppose 0 = 9*z + 10 - 37. Suppose a - 320 = -5*i + d*a, z*i = 2*a + 188. What is the tens digit of i?
6
Let m(u) = 49*u + 39. Let f(k) = 49*k + 41. Let h(c) = 3*f(c) - 2*m(c). What is the units digit of h(17)?
8
Let s be 1/2*2400/80. Let x(y) = 45*y + 45. What is the units digit of x(s)?
0
Let j = 68 + -29. Suppose 13*i - 1222 - j = 0. What is the tens digit of i?
9
Let d = -8851 + 15283. What is the units digit of d?
2
Suppose 0 = 44*h - 175356 + 34263 - 144731. What is the thousands digit of h?
6
Let j(r) = -112*r - 454. What is the units digit of j(-43)?
2
Suppose -16 = -4*z, -3*w + 0*z - 3*z + 228 = 0. Let l = 107 - w. What is the units digit of (-95)/(-2) + (l/(-10))/7?
7
Suppose -4*a - 13 = -2*a + 3*j, -4*a - 2 = -2*j. Let o be (3 - 1 - a)*7/(-4). Let m(f) = -f**3 - f**2 + 5*f + 14. What is the hundreds digit of m(o)?
2
Suppose 0 = 48*v - 54*v - 3600. Let o = 741 + v. What is the units digit of o?
1
Let d = -9464 + 30493. What is the hundreds digit of d?
0
Let q(w) = w**2 + 3*w - 3 + 15*w**2 - w**3 + 4*w**2. What is the tens digit of q(6)?
1
Let g be 2/8*-6*(-8)/3. Suppose 2*l + 3*q + 33 = 5*l, -l - g*q = -11. What is the tens digit of l?
1
Suppose -2*r + 40*r = r + 228327. What is the hundreds digit of r?
1
Let z(r) be the third derivative of r**6/120 - 13*r**5/60 + 5*r**4/3 - 26*r**3/3 + 236*r**2. What is the hundreds digit of z(15)?
9
Let w = 221 + -120. What is the hundreds digit of w + 18/(-6 + 9)?
1
Let x(z) = z**3 - z**2 + z + 496. Suppose 7*l = 12*l. What is the tens digit of x(l)?
9
Suppose 0 = -22*n + 18*n - c + 30649, c + 7656 = n. What is the thousands digit of n?
7
Suppose 0 = -5*d - n + 99, -23 = -d + 7*n - 4*n. Suppose d*f = 8023 + 4717. What is the units digit of f?
7
Let a = -173 - -151. Let t = 63 - 34. Let h = a + t. What is the units digit of h?
7
What is the hundreds digit of (-81)/(-54)*(0 + (-8588)/(-3))?
2
What is the ten thousands digit of ((-1560)/900)/((-2)/(-20))*-1347?
2
Let h = -6240 + 6330. What is the units digit of h?
0
Suppose 2*z + 2*s - 15814 = -2*z, -7895 = -2*z + 3*s. What is the hundreds digit of 8/(z/984 - 4)?
4
Let o = -55 + 62. Suppose -t - 183 = -4*k, -4*k + 2*t = o*t - 213. What is the tens digit of k?
4
Let k(a) = 7789*a - 237. What is the hundreds digit of k(1)?
5
Let m(u) = u**2 + 10*u + 15. Let f be m(-4). What is the units digit of 2 + 881 - (f + 4)?
8
Let d(a) = -a**2 + 18*a - 45. Let t be d(15). Suppose -3*b + 5*g - 8*g = -2013, t = 2*b - 3*g - 1322. What is the hundreds digit of b?
6
What is the tens digit of (-99967)/(-63) + 10/45?
8
Suppose 2*s + 4*t - 44 = 6*t, s - 14 = -t. Suppose -s*x + 21*x = 6. Suppose -4*o + 120 = x*w, 4*w = o + 64 + 194. What is the tens digit of w?
6
Let v = -322 + 324. What is the hundreds digit of v - -39*18 - (-9 - -11)?
7
Let v = 365 + -254. Suppose 0 = 250*j - 247*j - v. Suppose 6*x - 4*x = 5*f + j, 2*x - 2*f = 46. What is the units digit of x?
6
Suppose 6*i + 21 = -33. Let g be (i - -5) + (10 - (-3)/(-3)). Suppose 1304 = g*s + 3*s. What is the hundreds digit of s?
1
Suppose -18 = -13*b - 122. What is the thousands digit of 2/(-2)*(b - 1741)?
1
Let b(i) = -401*i + 8. Let w be b(1). Let k = w - -828. What is the units digit of k?
5
Suppose -2*j = o + 13, 2*o + 2 + 0 = -j. Let t(i) = 8*i**2 + 45*i + 5. What is the tens digit of t(j)?
5
Suppose -7*u = -5*u - 22. Let n be (u/(-3) + 1*3)*-18. What is the units digit of 4/(16/n) - -6?
9
Suppose -4*l = 14*t - 11*t - 14407, -5*t + 24070 = -5*l. What is the thousands digit of (3 + -1)/(6/t)?
1
Let b(k) = -k + 10. Let t(a) = 1. Let q(h) = -b(h) + 5*t(h). Let s be q(8). Suppose 0 = -3*f + 2*d + 259, -s*f + d + 141 = -113. What is the units digit of f?
3
Let z(o) = -o**2 - 3*o. Let i be z(-2). Suppose -3*g + 12 - i = -a, -2*g = a - 5. Suppose 3*r - w = -g*w + 190, 304 = 5*r - 3*w. What is the units digit of r?
2
Let m be 2 - -6*4/8. Let r(f) = f**2 + f - 6. Let y be r(m). Let o = 131 + y. What is the tens digit of o?
5
Let h be (3 + 1 - (13 - 1))*-1. Suppose -i - h*f = -3*f - 347, 3*f - 1371 = -4*i. What is the units digit of i?
2
Let t = 46711 - 25107. What is the ten thousands digit of t?
2
Suppose -5*j = 5*l - 11590, -5*j - 2*l + 6658 + 4947 = 0. What is the thousands digit of j?
2
Suppose 279*k - 275*k - n = 155518, n = 2. What is the tens digit of k?
8
Let n = 345 + -536. Let s = 145 - n. What is the hundreds digit of s?
3
Suppose 6*o - 8*o - 16 = 0. Let h(a) = -a**3 - 8*a**2 - 9*a + 10. What is the units digit of h(o)?
2
Let b be (-1468)/10 - 3/15. Let y = 34 - b. Suppose 0*l - 5*l - g = -950, -l + y = 2*g. What is the units digit of l?
1
Suppose 20 = 4*l - 9*l. What is the hundreds digit of (-74)/((-1)/(-1)*2/l)?
1
Let h be 13260/32 + (-33)/88. Let s = -371 + h. What is the units digit of s?
3
Let y = 99923 - 53380. What is the hundreds digit of y?
5
Let d(q) = -463*q - 4046. What is the thousands digit of d(-38)?
3
Suppose 0 = 76*o - 80*o. Suppose -4*g = -2*h - 5 - 9, 3*g - 4*h - 13 = o. Suppose -g*i = -5*j + 570, 3*i - 337 - 233 = -5*j. What is the tens digit of j?
1
Let k = 20 - 11. Suppose 5*x = 4*h + 9, -4*h + 5 = -k*h + 5*x. Suppose -s - h + 13 = 0. What is the units digit of s?
9
Suppose -18*t + 42 = 3*t. Suppose 1017 = t*g + z, g - 5*z - 508 = -5. What is the tens digit of g?
0
Let l = -37645 + 54344. What is the tens digit of l?
9
Suppose 2*z = -16 + 26. Let a be z + -7 + (1 - 3). What is the tens digit of -30*a/(-4)*15/(-6)?
7
Let b(a) = -12190*a + 726. What is the hundreds digit of b(-1)?
9
Suppose -2*k + 9 = -47. Let n(q) = 0 - 9 - 11 + q**2 + 22*q - k*q. What is the units digit of n(-9)?
5
Let g(p) = -p**3 - 3*p**2 + 4. Suppose 5*x - 8*x = 6. Let h be g(x). Suppose -4*z + h*z - 240 = -3*l, 267 = 3*l + 5*z. What is the units digit of l?
4
Suppose 26 = 5*v + 16. Suppose 5*k = 5*z - 25, 2*k + v*k - 20 = -z. Suppose -z*n + 40 - 8 = 0. What is the units digit of n?
4
Suppose 371*c = 321*c + 399650. What is the units digit of c?
3
Suppose 2*n - 1252 = 4*l - 142, -4*n - 827 = 3*l. Suppose -2*r + 191 = -609. Let x = l + r. What is the tens digit of x?
2
Let u(m) = -6344*m**3 + 3*m**2 + 32*m + 49. What is the thousands digit of u(-2)?
0
Suppose 0 = -15*b - 5988 + 134448. What is the tens digit of b?
6
Let s(v) = 171*v**2 - 183*v - 1525. What is the thousands digit of s(-9)?
3
Suppose -22*w - 7*w = -609. Suppose -14*n = -w*n + 903. What is the tens digit of n?
2
Let x(h) = h**3 - 5*h**2 + 10*h - 9. Let j be x(4). Suppose 0 = -0*b - 3*b + j. Suppose b*m - 737 = -172. What is the units digit of m?
3
Suppose 0 = -5*a + 2*a + 683856. What is the hundreds digit of (-4)/30 - a/(-540)?
4
Suppose 1939 = 6*w + 331. Suppose -272*n = -w*n - 716. What is the hundreds digit of n?
1
Let s be 15 - ((-1 - 0) + 1). Suppose -56*r + 32*r = 0. Let l = s - r. What is the units digit of l?
5
What is the thousands digit of (26/8 + -5)/(18/(-17784))?
1
Suppose -104637 = -5*a + 2*q, -489*a = -494*a + 5*q + 104625. What is the ten thousands digit of a?
2
Let n = 8605 - 365. What is the hundreds digit of n?
2
Let p be (9 - 74347/39) + (-8)/(-6). What is the units digit of (p/(-36))/(4/42)?
3
Let l = -3936 - -7339. What is the hundreds digit of l?
4
Let q = 2547 - 2479. What is the units digit of q?
8
Suppose 3*l = -5*k + 130, -10 = l - k - 40. Suppose 996 = -l*d + 3551. What is the units digit of d?
3
Let q = 4455 + -2797. What is the tens digit of q?
5
Let j = 35931 + 31482. What is the ten thousands digit of j?
6
Let b(m) = 58*m - 20. Let u be b(5). Let d = u - 187. Let h = -37 + d. What is the units digit of h?
6
Let h(c) = c**3 - 5*c**2 - 7*c + 8. Let q be 0/5 + 4 + 2. Suppose 0 = 4*w + 5*b - 43, -33 = 3*w - q*w - 4*b. What is the tens digit of h(w)?
5
Suppose -149634 = 44*d - 62*d. What is the thousands digit of d?
8
Let y = -1391 + 3568. What is the thousands digit of y?
2
Let d = 0 + -6. Let q(t) = -t**2 - 7*t - 1. Let a be q(d). Let s(j) = j**3 - j**2 - 8*j. What is the units digit of s(a)?
0
Le